- 32 - y = 0. Calculate the greatest common divisor of h and t.
14
Let c be (-246)/(-3)*(1 + (-7)/14). What is the highest common factor of c and 369?
41
Suppose -3*m - g + 3221 = -2*g, -m + 2*g + 1077 = 0. Calculate the highest common factor of 29 and m.
29
Let z(n) = -n**3 + 9*n**2 - 8*n + 13. Let k be z(9). Let t = 183 + k. Let w be 4/(-10) - t/(-10). Calculate the greatest common factor of w and 108.
12
Let j = -1879 - -1934. Calculate the greatest common factor of j and 220.
55
Let m = -252 - -340. Suppose -3*h + 2*o = -5*h + 30, 2*h = -4*o + 38. Calculate the greatest common factor of m and h.
11
Let d(s) = 5*s**2 + 10*s - 39. Let x be d(8). What is the highest common factor of 19 and x?
19
Let s be (41/(-82))/(2/(-1276)). Calculate the highest common factor of s and 58.
29
Let d be 2/(-4) + 268/(-8). Let z be (-14)/(-3)*(-51)/d. Calculate the greatest common divisor of 7 and z.
7
Let f(d) = -2*d - 3. Let u be f(-3). Let w = 3 + u. Let g be ((-68)/(-51))/(4/198). What is the greatest common factor of w and g?
6
Let s(w) = -w**3 - 13*w**2. Let y be s(-13). Suppose y = -7*q - 4*q + 1056. Let g = 2 - -10. Calculate the greatest common factor of g and q.
12
Let k(m) = m**2 - 5*m - 26. Let f be k(-6). Let d(j) = 1 + 2*j + 11 - 3*j. Let c be d(7). Calculate the highest common divisor of f and c.
5
Let w(r) = 3 - r**2 + r**3 + 3*r**2 + 0*r**3 + r. Let n be w(-3). Let j be (12/n - -1)*-3. What is the greatest common factor of j and 4?
1
Let w = 32 - -52. Let u(o) = -9*o + 46. Let z(a) = -4*a + 23. Let h(x) = -6*u(x) + 14*z(x). Let s be h(17). What is the highest common factor of w and s?
12
Let d be 86/14 - (-56)/(-392) - 2. Suppose -6*l + 2*l + 16 = 0. Calculate the highest common factor of d and l.
4
Suppose -517 + 580 = 3*l. What is the greatest common divisor of 287 and l?
7
Let b be (5/(-10))/(6/(-120)). Let g be (2/(-3))/(1/(-165)). What is the highest common divisor of b and g?
10
Suppose -61 + 187 = 18*k. Let q = -13 - -69. What is the greatest common factor of k and q?
7
Let u be 2/4 + (-20)/(-8). Suppose -u*b + 14 = -b. Suppose -7*x = -6*x - b. Calculate the greatest common divisor of x and 28.
7
Suppose 820 = 3*y - 5*m, -2*y + 447 = -m - 102. What is the greatest common divisor of y and 44?
11
Suppose 469 = 7*u - 448. Suppose -5*h = w - 122, 0 = 5*h - 0*w - 2*w - u. What is the greatest common factor of h and 325?
25
Let o be (-2)/(-23) - 5*770/(-161). What is the greatest common divisor of o and 84?
12
Let v(q) = -3*q - 9. Let p be v(-4). Let c be (p/9)/((-5)/(-675)). What is the greatest common factor of c and 18?
9
Suppose 3*b - 2263 = -646. Calculate the highest common factor of b and 98.
49
Let d(n) = 22*n**2 - 53*n - 54. Let i be d(-1). What is the highest common divisor of i and 33?
3
Let y(b) = -b**3 - 8*b**2 - 10*b + 11. Let u be y(-5). Let k(h) = h + 18. Let f be k(u). What is the highest common divisor of 1 and f?
1
Suppose 2*s = 4*l - 160, -5*l - 4*s + 137 + 37 = 0. Calculate the highest common divisor of l and 38.
38
Suppose 5*n - 25 = 0, -5*m - 5*n = -0*n - 40. Let x be 3 + (5 - -3) + 1. Calculate the greatest common factor of m and x.
3
Let h be 2/(-9) - (-22)/18. Let g be 2 + h*(4 - 1). Let r(s) = 7*s - 11. Let d be r(8). What is the highest common factor of g and d?
5
Let n = 132 + -188. Let x be n/6*(-21)/2. Calculate the greatest common divisor of 14 and x.
14
Let q be 3 + (-12)/4 - -4. Suppose -18 = -q*b + 6. What is the greatest common divisor of 18 and b?
6
Suppose 3*c - 3710 = 43. Calculate the highest common factor of c and 9.
9
Suppose 2*h - 3*v - 423 = 0, -4*h + 92 = -2*v - 734. Calculate the greatest common factor of 276 and h.
12
Suppose 64 = -22*w + 26*w. Suppose -5*y = -9*y + w. What is the highest common factor of y and 32?
4
Let k be (-7)/(-5*4/(-10020)*-3). What is the greatest common divisor of k and 7?
7
Suppose 3*f + 2695 = -470. Let b be (-24)/(-96) - f/4. What is the greatest common divisor of 24 and b?
24
Suppose -30*f + 4*y - 52 = -33*f, -f = -2*y - 4. Let t(x) = -x**3 + 13*x**2 - 9*x - 3. Let n be t(7). Calculate the greatest common divisor of n and f.
12
Let z(y) = -3*y**3 - 3*y**2 - 3*y - 1. Let v be z(-2). What is the highest common factor of 68 and v?
17
Suppose -4*w + 108 = -4. Let m = w - 18. Let y = 73 - 43. Calculate the highest common divisor of y and m.
10
Let l be 198 + (0/(-1))/1. Let c = 6 + -4. Let d = 16 + c. What is the greatest common divisor of d and l?
18
Let p(x) = x + 1. Let g(r) = 2*r + 174. Let q(y) = -g(y) + 5*p(y). Let f be q(0). Let a = 323 + f. Calculate the highest common divisor of a and 22.
22
Suppose 4 - 12 = 4*h. Let g be -4 - -2 - 2*(h + -104). What is the highest common divisor of g and 84?
42
Suppose -2*l + 2*n = -160, 3*l + 2*n + 4 - 249 = 0. Calculate the greatest common divisor of 36 and l.
9
Let i = 1257 + -957. What is the highest common factor of 20 and i?
20
Suppose v = 5*m - 43 + 220, 171 = v + m. Suppose 110 = 3*s - v. Suppose 2*l = s + 176. What is the greatest common divisor of 54 and l?
27
Let t be (-21)/((-2)/(0 - 40/(-6))). Calculate the highest common divisor of 238 and t.
14
Suppose -z + 340 = -4*x, 5*x = -0*z + z - 335. Suppose -z = 4*w - 7*w. What is the highest common divisor of w and 20?
20
Let z = 365 + -217. What is the greatest common divisor of 222 and z?
74
Let y be 5/((5/10)/1). Calculate the greatest common factor of 5 and y.
5
Suppose -55*q + 24812 + 18308 = 0. What is the highest common divisor of 56 and q?
56
Suppose -s - 432 = -49*s. Calculate the greatest common factor of s and 2.
1
Let w(a) = -a**3 + 8*a**2 - a - 8. Let s be w(9). Let l = s + 53. Let i be 0 + -1 - l/15. Calculate the highest common factor of 3 and i.
1
Suppose r + 15 = 15. Suppose r = -0*d + 2*d - 132. Calculate the highest common factor of d and 6.
6
Let h = -28 + 30. Suppose -h*k = 7*k - 810. Let b = 16 - -14. What is the highest common factor of k and b?
30
Let x(j) = -3*j + 67. Let t be x(11). What is the highest common factor of t and 221?
17
Suppose -b + 8 + 11 = 0. Let c = -10 + b. Suppose -3*w - 3*k = -27, 2*k + 36 = 4*w + k. What is the highest common factor of c and w?
9
Suppose 23*z - 24*z = -4. Suppose -120 = z*l - 624. Calculate the highest common divisor of 14 and l.
14
Let i(l) = -l**2 + 29*l - 23. Let f be i(12). Suppose -6*u = -f + 31. Calculate the highest common divisor of u and 75.
25
Suppose 2*r + 20 = 4*h - 8, -3*h - 2*r + 35 = 0. Let m(a) = 16*a**2 - a + 1. Let k = 2 + 0. Let x be m(k). Calculate the highest common divisor of x and h.
9
Suppose 120 + 199 = d. Let a = 1760 + -1731. What is the highest common factor of d and a?
29
Let j(t) = -t**3 - 10*t**2 - 9*t + 5. Let f be j(-9). Calculate the highest common factor of 8 and f.
1
Suppose 18*i = -6*i + 336. Calculate the greatest common divisor of i and 2.
2
Let y(i) = -i - 2. Let x be y(-4). Suppose 0 = -6*p + x*p + 144. Suppose 2*w = 11 - 3. What is the highest common divisor of p and w?
4
Let w(d) = d**2 + 6*d - 6. Let x be w(-8). Let m be (-2 - 5/(-2))*(-1 + 21). What is the greatest common factor of m and x?
10
Let t = 1614 + 245. Calculate the highest common divisor of 11 and t.
11
Suppose 0 = -u - 5*o + 24, 0 = -u - 0*o - 4*o + 19. Let z be -1 - (3/(6/(-8)) - u). Calculate the greatest common divisor of z and 1.
1
Let g = 167 + -164. Suppose -g*m + 41 = 38. Let u be (16/(-10))/(2/(-10)). Calculate the greatest common factor of m and u.
1
Suppose 4*i - 20 = -0*i. Let u be 43/i + (-12)/(-30). Suppose u*p + 170 = 11*p. What is the greatest common divisor of p and 17?
17
Suppose 67*m = 182*m - 4140. Calculate the greatest common factor of 126 and m.
18
Let h(p) = -323*p - 284. Let j be h(-3). Calculate the greatest common divisor of 15 and j.
5
Suppose -3*h = 3*j - 104 - 193, 0 = 4*j + 8. Let k = h - 69. What is the highest common factor of 24 and k?
8
Let a(g) = -21*g + 152. Let c be a(6). Suppose 0 = -m - 4, t + 1 = -4*m + 24. Calculate the highest common factor of c and t.
13
Let s be (14036/28 - 1) + 16/(-56). Calculate the highest common factor of 100 and s.
100
Suppose j = 2*g + 16 + 1, j = -g + 8. What is the greatest common divisor of j and 319?
11
Let f = 44 + -14. Let w = -16 + f. Let q be (-120)/72 - 330/(-9). Calculate the greatest common divisor of w and q.
7
Suppose 